{"id":1214,"date":"2021-03-22T19:29:16","date_gmt":"2021-03-22T18:29:16","guid":{"rendered":"http:\/\/aip-ing.fr\/?page_id=1214"},"modified":"2022-09-29T11:22:28","modified_gmt":"2022-09-29T09:22:28","slug":"qualifications-2","status":"publish","type":"page","link":"https:\/\/aip-ing.fr\/index.php\/qualifications-2\/","title":{"rendered":"Qualifications"},"content":{"rendered":"\n<h3 id=\"block-17cda1a1-31f6-4283-974d-62ab9ea8cc84\">Certifications de Qualifications n\u00b017 04 3415 \u2013 AIP<\/h3>\n\n\n\n<ul id=\"block-7479efe9-5a40-47cd-b978-a824a53669e0\"><li>0902 &#8211; Ma\u00eetrise d\u2019\u0153uvre en d\u00e9samiantage.<\/li><\/ul>\n\n\n\n<h3 id=\"block-9a3d1741-eaea-44c3-92f3-ff582def4827\">Certifications de Qualifications n\u00b009 02 2051 \u2013 BET AIP ING<\/h3>\n\n\n\n<ul><li>0902 &#8211; Ma\u00eetrise d\u2019oeuvre en d\u00e9samiantage<\/li><li>0301 &#8211; Ordonnancement-Planification-Coordination (OPC) d\u2019ex\u00e9cution courant<\/li><li>0331 &#8211; Direction de l\u2019Ex\u00e9cution des Travaux<\/li><li>1210 &#8211; \u00c9tude des corps d\u2019\u00e9tat int\u00e9rieurs de finition<\/li><li>1211 &#8211; \u00c9tude des corps d\u2019\u00e9tat de clos couvert courant<\/li><li>1220 &#8211; Ing\u00e9nierie en second oeuvre courant<\/li><li>0103 &#8211; Ing\u00e9nierie d&#8217;ouvrages de b\u00e2timents courants<\/li><li>2202 &#8211; Ma\u00eetrise des co\u00fbts en phase de conception et de r\u00e9alisation<\/li><\/ul>\n\n\n\n<h3 id=\"block-2b5c79bc-9eb8-40ef-b43e-81a9dafd8b50\">Certifications de Qualifications n\u00b010 12 2230 \u2013 BET THERMI CLIM<\/h3>\n\n\n\n<ul><li>0331 &#8211; Direction de l\u2019ex\u00e9cution des Travaux<\/li><li>2202 &#8211; Ma\u00eetrise des co\u00fbts en phase de conception et de r\u00e9alisation<\/li><li>1405 &#8211; Etude d\u2019installations \u00e9lectriques courantes<\/li><li>1419 &#8211; Ing\u00e9nierie en \u00e9lectricit\u00e9 courante<\/li><li>1421 &#8211; Ing\u00e9nierie en courants faibles courants<\/li><li>1413 &#8211; Etude de syst\u00e8mes courants de s\u00e9curit\u00e9 incendie<\/li><li>1309 &#8211; Etude d\u2019installations sanitaires et d\u2019assainissement courantes<\/li><li>1312 &#8211; \u00c9tude d\u2019installations courantes de chauffage et de VMC<\/li><li>1331 &#8211; Etude thermique r\u00e9glementaire \u201cmaison individuelle\u201d<\/li><li>1332 &#8211; Etude thermique r\u00e9glementaire \u201cb\u00e2timent collectif d\u2019habitation et\/ou tertiaire\u201d<\/li><li>0902 &#8211; Ma\u00eetrise d\u2019oeuvre en d\u00e9samiantage<\/li><li>1905 &#8211; Audit \u00e9nerg\u00e9tique des b\u00e2timents (tertiaires et\/ou habitations collectives)<\/li><li>1911 &#8211; Audit \u00e9nerg\u00e9tique &#8220;maisons individuelles&#8221;<\/li><li>1905 &#8211; Audit \u00e9nerg\u00e9tiques des b\u00e2timents (tertiaires et\/ou habitations collectives)<\/li><\/ul>\n\n\n\n<div id=\"block-14690bcd-3669-422a-86b5-b9415cf21d36\" class=\"wp-block-image\"><figure class=\"aligncenter\"><img src=\"https:\/\/a-i-p.fr\/wp-content\/uploads\/2021\/03\/logo-opqibi-250x100-1.png\" alt=\"L\u2019attribut alt de cette image est vide, son nom de fichier est logo-opqibi-250x100-1.png.\"\/><\/figure><\/div>\n\n\n\n<h2 id=\"block-898c51b1-8057-487c-928c-cabfe6907d9e\">NOS FORMATIONS<\/h2>\n\n\n\n<p id=\"block-f3818048-15a7-4048-91b6-77f80a6ed20b\"><em>(r\u00e9alis\u00e9es au cours des 5 derni\u00e8res ann\u00e9es)<\/em><\/p>\n\n\n\n<p><strong>Formation R\u00e9emploi : <\/strong><\/p>\n\n\n\n<ul><li><span class=\"has-inline-color has-vivid-cyan-blue-color\">Diagnostiqueur PEMD Produits Equipements Mat\u00e9riaux D\u00e9chets issus du b\u00e2timent<\/span><\/li><\/ul>\n\n\n\n<p id=\"block-77653599-405b-495c-a670-6e67fc63ab38\"><br><strong>Formation Technique :<\/strong><\/p>\n\n\n\n<ul><li>Initiation BIM : la maquette num\u00e9rique<\/li><li>Formation REVIT MEP CVC\/Plomberie module 2 mod\u00e9lisations + module 3 familles<\/li><li>Etude d&#8217;installations \u00e9lectriques courantes<\/li><li>SOLIBRI model checker initiation<\/li><li>REVIT initiation<\/li><li>REVIT perfectionnement<\/li><li>REVIT architecture initiation module 1 + m\u00e9tier module 2<\/li><li>Utiliser le BIM en chantier<\/li><li>R\u00e9novations \u00e9nerg\u00e9tiques<\/li><li>REVIT initia tion : tronc commun architecture\/\u00e9lectricit\u00e9\/CVC plomberie\/structure<\/li><li>SOLIBRI model checker<\/li><li>Diagnostic de performance \u00e9nerg\u00e9tique DPE avant mention<\/li><\/ul>\n\n\n\n<h3 id=\"block-622c728d-ee35-4379-83b3-2375037218e6\">Formation Amiante :<\/h3>\n\n\n\n<ul><li>Amiante encadrement sous-section 4<\/li><li>A.M.O assistance \u00e0 ma\u00eetrise d&#8217;ouvrage<\/li><li>D\u00e9samiantage 0902 pour la ma\u00eetrise d&#8217;oeuvre<\/li><li>Recyclage amiante encadrement sous-section 4<\/li><\/ul>\n\n\n\n<h3>Formation Logiciel Ing\u00e9nierie : <\/h3>\n\n\n\n<ul><li>Logiciels professionnels pour \u00e9conomistes<\/li><li>Ing\u00e9nierie financi\u00e8re<\/li><\/ul>\n\n\n\n<h3 id=\"block-d1684618-ca91-43da-9c3d-0fd59465eb8f\">Formation Thermique :<\/h3>\n\n\n\n<ul><li>Parcours \u00e9tudes thermiques et g\u00e9nie climatique<\/li><li>RT 2012 : logiciel PERRENOUD<\/li><li>Formation au logiciel THERMACV \/ E+C- B\u00e2timent Energie<\/li><li>Positive et r\u00e9duction Carbone<\/li><\/ul>\n\n\n\n<h3 id=\"block-7c88cb21-f0cd-4705-bea3-5c9c255f7929\">Formation g\u00e9n\u00e9rale :<\/h3>\n\n\n\n<ul id=\"block-8949218b-1aba-4cee-b076-9420f8fadf63\"><li>A.M.O assistance \u00e0 ma\u00eetrise d&#8217;ouvrage<\/li><li>AIPR<\/li><li>Outils du digital : am\u00e9liorer l&#8217;impact de sa communication<\/li><li>CHORUS, initiation \u00e0 la plateforme de facturation \u00e9lectronique<\/li><\/ul>\n","protected":false},"excerpt":{"rendered":"Certifications de Qualifications n\u00b017 04 3415 \u2013 AIP 0902 &#8211; Ma\u00eetrise d\u2019\u0153uvre en d\u00e9samiantage. Certifications de Qualifications n\u00b009 02 2051 \u2013 BET AIP ING 0902 &#8211; Ma\u00eetrise d\u2019oeuvre en d\u00e9samiantage 0301 &#8211; Ordonnancement-Planification-Coordination (OPC) d\u2019ex\u00e9cution courant 0331 &#8211; Direction de l\u2019Ex\u00e9cution des Travaux 1210 &#8211; \u00c9tude des corps d\u2019\u00e9tat int\u00e9rieurs de finition 1211 &#8211; \u00c9tude&#8230; <a class=\"view-article\" href=\"https:\/\/aip-ing.fr\/index.php\/qualifications-2\/\">View Article<\/a>","protected":false},"author":1,"featured_media":0,"parent":0,"menu_order":0,"comment_status":"closed","ping_status":"closed","template":"","meta":[],"yoast_head":"<!-- This site is optimized with the Yoast SEO plugin v15.4 - https:\/\/yoast.com\/wordpress\/plugins\/seo\/ -->\n<meta name=\"robots\" content=\"index, follow, max-snippet:-1, max-image-preview:large, max-video-preview:-1\" \/>\n<link rel=\"canonical\" href=\"http:\/\/aip-ing.fr\/index.php\/qualifications-2\/\" \/>\n<meta property=\"og:locale\" content=\"en_US\" \/>\n<meta property=\"og:type\" content=\"article\" \/>\n<meta property=\"og:title\" content=\"Qualifications - AIP ING\" \/>\n<meta property=\"og:description\" content=\"Certifications de Qualifications n\u00b017 04 3415 \u2013 AIP 0902 &#8211; Ma\u00eetrise d\u2019\u0153uvre en d\u00e9samiantage. Certifications de Qualifications n\u00b009 02 2051 \u2013 BET AIP ING 0902 &#8211; Ma\u00eetrise d\u2019oeuvre en d\u00e9samiantage 0301 &#8211; Ordonnancement-Planification-Coordination (OPC) d\u2019ex\u00e9cution courant 0331 &#8211; Direction de l\u2019Ex\u00e9cution des Travaux 1210 &#8211; \u00c9tude des corps d\u2019\u00e9tat int\u00e9rieurs de finition 1211 &#8211; \u00c9tude... View Article\" \/>\n<meta property=\"og:url\" content=\"http:\/\/aip-ing.fr\/index.php\/qualifications-2\/\" \/>\n<meta property=\"og:site_name\" content=\"AIP ING\" \/>\n<meta property=\"article:modified_time\" content=\"2022-09-29T09:22:28+00:00\" \/>\n<meta property=\"og:image\" content=\"https:\/\/a-i-p.fr\/wp-content\/uploads\/2021\/03\/logo-opqibi-250x100-1.png\" \/>\n<meta name=\"twitter:card\" content=\"summary_large_image\" \/>\n<meta name=\"twitter:label1\" content=\"Written by\">\n\t<meta name=\"twitter:data1\" content=\"admin5537\">\n\t<meta name=\"twitter:label2\" content=\"Est. reading time\">\n\t<meta name=\"twitter:data2\" content=\"2 minutes\">\n<script type=\"application\/ld+json\" class=\"yoast-schema-graph\">{\"@context\":\"https:\/\/schema.org\",\"@graph\":[{\"@type\":\"WebSite\",\"@id\":\"https:\/\/aip-ing.fr\/#website\",\"url\":\"https:\/\/aip-ing.fr\/\",\"name\":\"AIP ING\",\"description\":\"Ing\\u00e9nierie &amp; AMO\",\"potentialAction\":[{\"@type\":\"SearchAction\",\"target\":\"https:\/\/aip-ing.fr\/?s={search_term_string}\",\"query-input\":\"required name=search_term_string\"}],\"inLanguage\":\"en-US\"},{\"@type\":\"ImageObject\",\"@id\":\"http:\/\/aip-ing.fr\/index.php\/qualifications-2\/#primaryimage\",\"inLanguage\":\"en-US\",\"url\":\"https:\/\/a-i-p.fr\/wp-content\/uploads\/2021\/03\/logo-opqibi-250x100-1.png\"},{\"@type\":\"WebPage\",\"@id\":\"http:\/\/aip-ing.fr\/index.php\/qualifications-2\/#webpage\",\"url\":\"http:\/\/aip-ing.fr\/index.php\/qualifications-2\/\",\"name\":\"Qualifications - AIP ING\",\"isPartOf\":{\"@id\":\"https:\/\/aip-ing.fr\/#website\"},\"primaryImageOfPage\":{\"@id\":\"http:\/\/aip-ing.fr\/index.php\/qualifications-2\/#primaryimage\"},\"datePublished\":\"2021-03-22T18:29:16+00:00\",\"dateModified\":\"2022-09-29T09:22:28+00:00\",\"inLanguage\":\"en-US\",\"potentialAction\":[{\"@type\":\"ReadAction\",\"target\":[\"http:\/\/aip-ing.fr\/index.php\/qualifications-2\/\"]}]}]}<\/script>\n<!-- \/ Yoast SEO plugin. -->","_links":{"self":[{"href":"https:\/\/aip-ing.fr\/index.php\/wp-json\/wp\/v2\/pages\/1214"}],"collection":[{"href":"https:\/\/aip-ing.fr\/index.php\/wp-json\/wp\/v2\/pages"}],"about":[{"href":"https:\/\/aip-ing.fr\/index.php\/wp-json\/wp\/v2\/types\/page"}],"author":[{"embeddable":true,"href":"https:\/\/aip-ing.fr\/index.php\/wp-json\/wp\/v2\/users\/1"}],"replies":[{"embeddable":true,"href":"https:\/\/aip-ing.fr\/index.php\/wp-json\/wp\/v2\/comments?post=1214"}],"version-history":[{"count":2,"href":"https:\/\/aip-ing.fr\/index.php\/wp-json\/wp\/v2\/pages\/1214\/revisions"}],"predecessor-version":[{"id":1654,"href":"https:\/\/aip-ing.fr\/index.php\/wp-json\/wp\/v2\/pages\/1214\/revisions\/1654"}],"wp:attachment":[{"href":"https:\/\/aip-ing.fr\/index.php\/wp-json\/wp\/v2\/media?parent=1214"}],"curies":[{"name":"wp","href":"https:\/\/api.w.org\/{rel}","templated":true}]}}